{"id":936,"date":"2023-11-08T00:30:21","date_gmt":"2023-11-07T22:30:21","guid":{"rendered":"http:\/\/www.samariter.huwyler.photos\/?page_id=936"},"modified":"2023-11-08T00:35:02","modified_gmt":"2023-11-07T22:35:02","slug":"beherzt-spenden","status":"publish","type":"page","link":"https:\/\/www.samariter.huwyler.photos\/?page_id=936","title":{"rendered":"Beherzt Spenden"},"content":{"rendered":"\n<p class=\"has-medium-font-size\"><strong>Warum Ihre Spende bei uns in guten H\u00e4nden ist<\/strong><\/p>\n\n\n\n<p style=\"font-size:15px\">Sehr geehrte Freunde und G\u00f6nner<br>Ganz herzlich danken wir f\u00fcr Ihre Treue und das Wohlwollen gegen\u00fcber unserem Verein.<\/p>\n\n\n\n<div class=\"wp-block-columns is-layout-flex wp-container-core-columns-is-layout-9d6595d7 wp-block-columns-is-layout-flex\">\n<div class=\"wp-block-column is-layout-flow wp-block-column-is-layout-flow\" style=\"flex-basis:50%\">\n<p style=\"font-size:15px\"> <span lang=\"DE\" style=\"color:#231F20\"><\/span>Nach wie vor sind wir auf Ihre Spende<strong> <\/strong>angewiesen, damit der Samariterverein Root und Umgebung all seine Aufgaben weiterhin wahrnehmen kann. Wir ben\u00f6tigen den Beitrag f\u00fcr die Aus- und Weiterbildung unserer Kursleitung nach Vorgaben von Samariter Schweiz, als auch zur Beschaffung weiterer Sanit\u00e4tskleidung f\u00fcr unsere Mitglieder.<br><br>Auf Ihren solidarischen Beitrag freuen wir uns jetzt schon und danken recht herzlich.<\/p>\n\n\n\n<p>Mit freundlich Gr\u00fcssen<br>Samariterverein Root und Umgebung<br><br>Theres Schraner                              <br>Pr\u00e4sidentin         <br><br> Christian Besmer<br> Kassier<\/p>\n<\/div>\n\n\n\n<div class=\"wp-block-column is-layout-flow wp-block-column-is-layout-flow\" style=\"flex-basis:50%\">\n<p>Unsere Kontoangeben f\u00fcr ihre Spende:<\/p>\n\n\n\n<p>CH53 8080 8007 6924 8511 3<br>Samariterverein Root und Umgebung<br>6037 Root<\/p>\n\n\n\n<p>Oder mit Twint:<\/p>\n\n\n\n<figure class=\"wp-block-image size-large\"><a href=\"https:\/\/i0.wp.com\/www.samariter.huwyler.photos\/wp-content\/uploads\/2023\/11\/TWINT_Individueller-Betrag_DE.png\"><img data-recalc-dims=\"1\" loading=\"lazy\" decoding=\"async\" width=\"860\" height=\"392\" data-attachment-id=\"941\" data-permalink=\"https:\/\/www.samariter.huwyler.photos\/?attachment_id=941\" data-orig-file=\"https:\/\/i0.wp.com\/www.samariter.huwyler.photos\/wp-content\/uploads\/2023\/11\/TWINT_Individueller-Betrag_DE.png?fit=1087%2C496&amp;ssl=1\" data-orig-size=\"1087,496\" data-comments-opened=\"0\" data-image-meta=\"{&quot;aperture&quot;:&quot;0&quot;,&quot;credit&quot;:&quot;&quot;,&quot;camera&quot;:&quot;&quot;,&quot;caption&quot;:&quot;&quot;,&quot;created_timestamp&quot;:&quot;0&quot;,&quot;copyright&quot;:&quot;&quot;,&quot;focal_length&quot;:&quot;0&quot;,&quot;iso&quot;:&quot;0&quot;,&quot;shutter_speed&quot;:&quot;0&quot;,&quot;title&quot;:&quot;&quot;,&quot;orientation&quot;:&quot;0&quot;}\" data-image-title=\"TWINT_Individueller-Betrag_DE\" data-image-description=\"\" data-image-caption=\"\" data-large-file=\"https:\/\/i0.wp.com\/www.samariter.huwyler.photos\/wp-content\/uploads\/2023\/11\/TWINT_Individueller-Betrag_DE.png?fit=860%2C392&amp;ssl=1\" src=\"https:\/\/i0.wp.com\/www.samariter.huwyler.photos\/wp-content\/uploads\/2023\/11\/TWINT_Individueller-Betrag_DE.png?resize=860%2C392\" alt=\"\" class=\"wp-image-941\" srcset=\"https:\/\/i0.wp.com\/www.samariter.huwyler.photos\/wp-content\/uploads\/2023\/11\/TWINT_Individueller-Betrag_DE.png?resize=1024%2C467&amp;ssl=1 1024w, https:\/\/i0.wp.com\/www.samariter.huwyler.photos\/wp-content\/uploads\/2023\/11\/TWINT_Individueller-Betrag_DE.png?resize=300%2C137&amp;ssl=1 300w, https:\/\/i0.wp.com\/www.samariter.huwyler.photos\/wp-content\/uploads\/2023\/11\/TWINT_Individueller-Betrag_DE.png?resize=768%2C350&amp;ssl=1 768w, https:\/\/i0.wp.com\/www.samariter.huwyler.photos\/wp-content\/uploads\/2023\/11\/TWINT_Individueller-Betrag_DE.png?w=1087&amp;ssl=1 1087w\" sizes=\"auto, (max-width: 860px) 100vw, 860px\" \/><\/a><\/figure>\n<\/div>\n<\/div>\n","protected":false},"excerpt":{"rendered":"<p>Warum Ihre Spende bei uns in guten H\u00e4nden ist Sehr geehrte Freunde und G\u00f6nnerGanz herzlich danken wir f\u00fcr Ihre Treue und das Wohlwollen gegen\u00fcber unserem Verein. Nach wie vor sind wir auf Ihre Spende angewiesen, damit der Samariterverein Root und Umgebung all seine Aufgaben weiterhin wahrnehmen kann. Wir ben\u00f6tigen den Beitrag f\u00fcr die Aus- und Weiterbildung unserer Kursleitung nach Vorgaben<\/p>\n","protected":false},"author":1,"featured_media":0,"parent":0,"menu_order":7,"comment_status":"closed","ping_status":"closed","template":"","meta":{"jetpack_post_was_ever_published":false,"footnotes":""},"class_list":["post-936","page","type-page","status-publish","hentry"],"jetpack_sharing_enabled":true,"jetpack_shortlink":"https:\/\/wp.me\/P924LW-f6","jetpack-related-posts":[{"id":96,"url":"https:\/\/www.samariter.huwyler.photos\/?page_id=96","url_meta":{"origin":936,"position":0},"title":"Individualkurse (Firmenkurse)","author":"Thomas Huwiler","date":"4. Januar 2017","format":false,"excerpt":"Individualkurse (fr\u00fcher Firmenkurse) f\u00fchren wir gerne wieder durch. Wenn Sie als Firma, Verein, Beh\u00f6rde oder Institution eine Erste Hilfe Ausbildung f\u00fcr Ihre Mitarbeiter oder Mitglieder durchf\u00fchren wollen, nehmen Sie doch mit uns Kontakt auf. Zusammen werden wir einen auf Ihre Bed\u00fcrfnisse angepassten Kurs zusammenstellen. Bitte benutzen Sie f\u00fcr Ihre Anfrage\u2026","rel":"","context":"\u00c4hnlicher Beitrag","block_context":{"text":"\u00c4hnlicher Beitrag","link":""},"img":{"alt_text":"","src":"","width":0,"height":0},"classes":[]},{"id":15,"url":"https:\/\/www.samariter.huwyler.photos\/?page_id=15","url_meta":{"origin":936,"position":1},"title":"Sanit\u00e4tsdienst","author":"Thomas Huwiler","date":"28. Dezember 2016","format":false,"excerpt":"An zahlreichen Anl\u00e4ssen in unserem Einzugsgebiet leisten wir Sanit\u00e4tsdienst.Mit unserem Material und der Ausbildung unseres Postenpersonales erf\u00fcllen wir die Richtlinien das SSB und IVR f\u00fcr den Sanit\u00e4tsdienst. Ein paar Anl\u00e4sse an welchen wir Sanit\u00e4tsdienst leisten:- Rooter Dorfturnier- Ausscheidungsturnier Sch\u00fclerturnier- Michaelskreuz Schwingen- Michaelskreuz Rennen- Dorfturnier Dierikon- Fasnachtsumzug Root- Horrorball Root- Tr\u00f6pfeler\u2026","rel":"","context":"\u00c4hnlicher Beitrag","block_context":{"text":"\u00c4hnlicher Beitrag","link":""},"img":{"alt_text":"","src":"","width":0,"height":0},"classes":[]},{"id":344,"url":"https:\/\/www.samariter.huwyler.photos\/?page_id=344","url_meta":{"origin":936,"position":2},"title":"Notf\u00e4lle bei Kleinkindern","author":"Thomas Huwiler","date":"12. M\u00e4rz 2017","format":false,"excerpt":"Im Kurs Notf\u00e4lle bei Kleinkindern erlernen Sie sicheres Handeln im Umgang mit Kindern in Notfallsituationen. Insbesondere liegt der Fokus des Kurses auf dem korrekten Vorgehen und der Anwendung von Erste-Hilfe-Massnahmen bei ansprechbaren, wie auch bewusstlosen oder leblosen Kindern. Inhalt Auf abwechslungsreiche und spielerische Weise trainieren Sie anhand realistisch nachgestellter Szenarien\u2026","rel":"","context":"\u00c4hnlicher Beitrag","block_context":{"text":"\u00c4hnlicher Beitrag","link":""},"img":{"alt_text":"","src":"","width":0,"height":0},"classes":[]},{"id":325,"url":"https:\/\/www.samariter.huwyler.photos\/?page_id=325","url_meta":{"origin":936,"position":3},"title":"Blutspende","author":"Thomas Huwiler","date":"7. M\u00e4rz 2017","format":false,"excerpt":"Der Bedarf an Blutspenderinnen und Blutspendern steigt weil: viele langj\u00e4hrige treue Blutspender\/innen altershalber ausscheiden, es um einen treuen Blutspender\/in zu ersetzen, vier neue Spender\/innen braucht, ver\u00e4nderte Lebensgewohnheiten dazu f\u00fchren, dass Spender\/innen weniger h\u00e4ufig spenden. Ob treue\/r Blutspender\/in oder Neuspender\/in \u2013 nutzen auch Sie die Gelegenheit Blut zu spenden! Nach Ihrer\u2026","rel":"","context":"\u00c4hnlicher Beitrag","block_context":{"text":"\u00c4hnlicher Beitrag","link":""},"img":{"alt_text":"","src":"https:\/\/i0.wp.com\/www.samariter.huwyler.photos\/wp-content\/uploads\/2017\/02\/10sami_blutspender-300x182.jpg?resize=350%2C200","width":350,"height":200},"classes":[]},{"id":160,"url":"https:\/\/www.samariter.huwyler.photos\/?page_id=160","url_meta":{"origin":936,"position":4},"title":"Nothilfekurs &#8211; Blended Learning","author":"Thomas Huwiler","date":"16. Februar 2017","format":false,"excerpt":"Beschreibung\u00a0 Der Selbstlern-Nothilfekurs f\u00fcr F\u00fchrerausweiserwerbende Im Nothilfekurs erlernen Sie lebensrettende Sofortmassnahmen. Diese erm\u00f6glichen es Ihnen, bei Verkehrsunf\u00e4llen sicher Erste Hilfe zu leisten und bei medizinischen Notf\u00e4llen die richtigen Massnahmen zu treffen. Der Kurs ist f\u00fcr F\u00fchrerausweiserwerbende obligatorisch. Im Gegensatz zum herk\u00f6mmlichen Nothilfekurs besteht dieser Kurs aus einem Selbstlernteil f\u00fcr die\u2026","rel":"","context":"\u00c4hnlicher Beitrag","block_context":{"text":"\u00c4hnlicher Beitrag","link":""},"img":{"alt_text":"","src":"","width":0,"height":0},"classes":[]},{"id":36,"url":"https:\/\/www.samariter.huwyler.photos\/?page_id=36","url_meta":{"origin":936,"position":5},"title":"Nothilfekurs","author":"Thomas Huwiler","date":"29. Dezember 2016","format":false,"excerpt":"Beschreibung\u00a0 Der obligatorische Erste-Hilfe-Kurs f\u00fcr F\u00fchrerausweiserwerbende Im Nothilfekurs erlernen Sie lebensrettende Sofortmassnahmen. Diese erm\u00f6glichen es Ihnen, bei Verkehrsunf\u00e4llen sicher Erste Hilfe zu leisten und bei medizinischen Notf\u00e4llen die richtigen Massnahmen zu treffen. Der Kurs ist f\u00fcr F\u00fchrerausweiserwerbende obligatorisch. Flyer zum Download Inhalt Auf abwechslungsreiche und spielerische Weise trainieren Sie in\u2026","rel":"","context":"\u00c4hnlicher Beitrag","block_context":{"text":"\u00c4hnlicher Beitrag","link":""},"img":{"alt_text":"","src":"https:\/\/i0.wp.com\/www.samariter.huwyler.photos\/wp-content\/uploads\/2017\/02\/7Sami_Autofahrer_seitlich-283x300.jpg?resize=350%2C200","width":350,"height":200},"classes":[]}],"jetpack_likes_enabled":true,"_links":{"self":[{"href":"https:\/\/www.samariter.huwyler.photos\/index.php?rest_route=\/wp\/v2\/pages\/936","targetHints":{"allow":["GET"]}}],"collection":[{"href":"https:\/\/www.samariter.huwyler.photos\/index.php?rest_route=\/wp\/v2\/pages"}],"about":[{"href":"https:\/\/www.samariter.huwyler.photos\/index.php?rest_route=\/wp\/v2\/types\/page"}],"author":[{"embeddable":true,"href":"https:\/\/www.samariter.huwyler.photos\/index.php?rest_route=\/wp\/v2\/users\/1"}],"replies":[{"embeddable":true,"href":"https:\/\/www.samariter.huwyler.photos\/index.php?rest_route=%2Fwp%2Fv2%2Fcomments&post=936"}],"version-history":[{"count":7,"href":"https:\/\/www.samariter.huwyler.photos\/index.php?rest_route=\/wp\/v2\/pages\/936\/revisions"}],"predecessor-version":[{"id":945,"href":"https:\/\/www.samariter.huwyler.photos\/index.php?rest_route=\/wp\/v2\/pages\/936\/revisions\/945"}],"wp:attachment":[{"href":"https:\/\/www.samariter.huwyler.photos\/index.php?rest_route=%2Fwp%2Fv2%2Fmedia&parent=936"}],"curies":[{"name":"wp","href":"https:\/\/api.w.org\/{rel}","templated":true}]}}