{"id":504,"date":"2019-10-27T13:31:42","date_gmt":"2019-10-27T11:31:42","guid":{"rendered":"http:\/\/www.samariter.huwyler.photos\/?page_id=504"},"modified":"2019-10-27T13:35:56","modified_gmt":"2019-10-27T11:35:56","slug":"jahresprogramm-2","status":"publish","type":"page","link":"https:\/\/www.samariter.huwyler.photos\/?page_id=504","title":{"rendered":"Jahresprogramm"},"content":{"rendered":"\n<p>Hier finden Sie unser Jahresprogramm<\/p>\n","protected":false},"excerpt":{"rendered":"<p>Hier finden Sie unser Jahresprogramm<\/p>\n","protected":false},"author":1,"featured_media":0,"parent":0,"menu_order":0,"comment_status":"closed","ping_status":"closed","template":"","meta":{"footnotes":""},"class_list":["post-504","page","type-page","status-publish","hentry"],"jetpack_sharing_enabled":true,"jetpack_shortlink":"https:\/\/wp.me\/P924LW-88","jetpack-related-posts":[{"id":919,"url":"https:\/\/www.samariter.huwyler.photos\/?page_id=919","url_meta":{"origin":504,"position":0},"title":"Jahresprogramm 2026","author":"Thomas Huwiler","date":"3. M\u00e4rz 2026","format":false,"excerpt":"Wir empfehlen Ihnen, unser Jahresprogramm herunter zu laden, da es weitere n\u00fctzliche Informationen enth\u00e4lt. Blutspenden: 10. M\u00e4rz \/ 20. Oktober 17:00-20:00 Uhr, im Pfarreiheim Root, Schulstrasse 7 Nothilfekurse: Freitag\/Samstag, 06. \/07. M\u00e4rz\u00a0\u00a0\u00a0\u00a0\u00a0\u00a0\u00a0\u00a0\u00a0\u00a0\u00a0\u00a0\u00a0\u00a0\u00a0\u00a0\u00a0\u00a0\u00a0\u00a0\u00a0\u00a0\u00a0\u00a0\u00a0 Fr: 19:00-22:00 \/ Sa: 08:30 \u2013 12:00 \/ 13:00 \u2013 16:30 Uhr Freitag\/Samstag, 01. \/ 02. Mai Fr:\u2026","rel":"","context":"\u00c4hnlicher Beitrag","block_context":{"text":"\u00c4hnlicher Beitrag","link":""},"img":{"alt_text":"","src":"","width":0,"height":0},"classes":[]},{"id":1069,"url":"https:\/\/www.samariter.huwyler.photos\/?page_id=1069","url_meta":{"origin":504,"position":1},"title":"Jahresprogramm 2026","author":"Thomas Huwiler","date":"3. M\u00e4rz 2026","format":false,"excerpt":"[Table id=19 \/] Wir empfehlen Ihnen, unser Jahresprogramm herunter zu laden, da es weitere n\u00fctzliche Informationen enth\u00e4lt. Blutspenden: 10. M\u00e4rz \/ 20. Oktober 17:00-20:00 Uhr, im Pfarreiheim Root, Schulstrasse 7 Nothilfekurse: Freitag\/Samstag, 06. \/07. M\u00e4rz\u00a0\u00a0\u00a0\u00a0\u00a0\u00a0\u00a0\u00a0\u00a0\u00a0\u00a0\u00a0\u00a0\u00a0\u00a0\u00a0\u00a0\u00a0\u00a0\u00a0\u00a0\u00a0\u00a0\u00a0\u00a0 Fr: 19:00-22:00 \/ Sa: 08:30 \u2013 12:00 \/ 13:00 \u2013 16:30 Uhr Freitag\/Samstag, 01. \/\u2026","rel":"","context":"\u00c4hnlicher Beitrag","block_context":{"text":"\u00c4hnlicher Beitrag","link":""},"img":{"alt_text":"","src":"","width":0,"height":0},"classes":[]},{"id":325,"url":"https:\/\/www.samariter.huwyler.photos\/?page_id=325","url_meta":{"origin":504,"position":2},"title":"Blutspende","author":"Thomas Huwiler","date":"7. M\u00e4rz 2017","format":false,"excerpt":"Der Bedarf an Blutspenderinnen und Blutspendern steigt weil: viele langj\u00e4hrige treue Blutspender\/innen altershalber ausscheiden, es um einen treuen Blutspender\/in zu ersetzen, vier neue Spender\/innen braucht, ver\u00e4nderte Lebensgewohnheiten dazu f\u00fchren, dass Spender\/innen weniger h\u00e4ufig spenden. Ob treue\/r Blutspender\/in oder Neuspender\/in \u2013 nutzen auch Sie die Gelegenheit Blut zu spenden! Nach Ihrer\u2026","rel":"","context":"\u00c4hnlicher Beitrag","block_context":{"text":"\u00c4hnlicher Beitrag","link":""},"img":{"alt_text":"","src":"https:\/\/i0.wp.com\/www.samariter.huwyler.photos\/wp-content\/uploads\/2017\/02\/10sami_blutspender-300x182.jpg?resize=350%2C200","width":350,"height":200},"classes":[]},{"id":953,"url":"https:\/\/www.samariter.huwyler.photos\/?page_id=953","url_meta":{"origin":504,"position":3},"title":"Datenschutz","author":"Thomas Huwiler","date":"3. Dezember 2023","format":false,"excerpt":"Hier finden sie die -> Datenschutzbestimmungen Samariter Schweiz","rel":"","context":"\u00c4hnlicher Beitrag","block_context":{"text":"\u00c4hnlicher Beitrag","link":""},"img":{"alt_text":"","src":"","width":0,"height":0},"classes":[]},{"id":38,"url":"https:\/\/www.samariter.huwyler.photos\/?page_id=38","url_meta":{"origin":504,"position":4},"title":"Kursanmeldung","author":"Thomas Huwiler","date":"29. Dezember 2016","format":false,"excerpt":"Zur Zeit haben wir folgende Kurse ausgesghrieben: Um den Zahlungsverkehr zu vereinfachen und wir nicht mit den Kursbeitr\u00e4gen zur Bank gehen m\u00fcssen, m\u00f6chten wir euch bitten, den Kurs im Voraus auf unser Konto bei der Raiffeisenbank Root zu \u00fcberweisen. Unsere IBAN Nr.: CH53 8080 8007 6924 8511 3Samariterverein Root und\u2026","rel":"","context":"\u00c4hnlicher Beitrag","block_context":{"text":"\u00c4hnlicher Beitrag","link":""},"img":{"alt_text":"","src":"","width":0,"height":0},"classes":[]},{"id":12,"url":"https:\/\/www.samariter.huwyler.photos\/?page_id=12","url_meta":{"origin":504,"position":5},"title":"Vorstand","author":"Thomas Huwiler","date":"28. Dezember 2016","format":false,"excerpt":"Unser Vorstand setzt sich folgendermassen zusammen:","rel":"","context":"\u00c4hnlicher Beitrag","block_context":{"text":"\u00c4hnlicher Beitrag","link":""},"img":{"alt_text":"","src":"","width":0,"height":0},"classes":[]}],"jetpack_likes_enabled":true,"_links":{"self":[{"href":"https:\/\/www.samariter.huwyler.photos\/index.php?rest_route=\/wp\/v2\/pages\/504","targetHints":{"allow":["GET"]}}],"collection":[{"href":"https:\/\/www.samariter.huwyler.photos\/index.php?rest_route=\/wp\/v2\/pages"}],"about":[{"href":"https:\/\/www.samariter.huwyler.photos\/index.php?rest_route=\/wp\/v2\/types\/page"}],"author":[{"embeddable":true,"href":"https:\/\/www.samariter.huwyler.photos\/index.php?rest_route=\/wp\/v2\/users\/1"}],"replies":[{"embeddable":true,"href":"https:\/\/www.samariter.huwyler.photos\/index.php?rest_route=%2Fwp%2Fv2%2Fcomments&post=504"}],"version-history":[{"count":3,"href":"https:\/\/www.samariter.huwyler.photos\/index.php?rest_route=\/wp\/v2\/pages\/504\/revisions"}],"predecessor-version":[{"id":590,"href":"https:\/\/www.samariter.huwyler.photos\/index.php?rest_route=\/wp\/v2\/pages\/504\/revisions\/590"}],"wp:attachment":[{"href":"https:\/\/www.samariter.huwyler.photos\/index.php?rest_route=%2Fwp%2Fv2%2Fmedia&parent=504"}],"curies":[{"name":"wp","href":"https:\/\/api.w.org\/{rel}","templated":true}]}}